139
Calculate the highest common factor of 966529 and 667.
23
Calculate the greatest common divisor of 1372 and 624946.
686
What is the highest common divisor of 869723 and 973?
139
Calculate the highest common divisor of 744050 and 10.
10
Calculate the highest common divisor of 29181 and 23217.
213
What is the highest common divisor of 6972 and 318?
6
What is the highest common factor of 23392 and 2176?
544
Calculate the highest common divisor of 102 and 9418.
34
Calculate the highest common divisor of 571816 and 28.
28
What is the greatest common divisor of 32 and 355024?
16
What is the greatest common factor of 21359 and 212?
53
Calculate the highest common divisor of 5898400 and 80.
80
Calculate the greatest common factor of 61 and 883646.
61
What is the greatest common factor of 20 and 1003310?
10
Calculate the highest common factor of 90 and 13500.
90
Calculate the greatest common divisor of 82 and 381259.
41
What is the greatest common divisor of 17 and 133093?
17
Calculate the greatest common divisor of 656 and 199096.
328
What is the greatest common divisor of 260 and 115466?
26
Calculate the greatest common divisor of 1159 and 1615.
19
What is the greatest common factor of 559 and 8723?
13
What is the highest common divisor of 14 and 198023?
7
Calculate the highest common factor of 16852 and 33.
11
Calculate the highest common divisor of 29969 and 851.
23
Calculate the highest common factor of 1264 and 584600.
632
What is the highest common divisor of 3810 and 889?
127
What is the highest common factor of 14332 and 8?
4
Calculate the greatest common factor of 953955 and 215.
215
Calculate the highest common factor of 15 and 7445.
5
Calculate the greatest common divisor of 224118 and 54.
18
Calculate the greatest common divisor of 1865 and 7148545.
1865
Calculate the greatest common factor of 22344 and 1786.
38
What is the greatest common factor of 11250 and 10602?
18
Calculate the greatest common divisor of 2809 and 2120.
53
What is the greatest common divisor of 5731 and 4345?
11
Calculate the greatest common divisor of 18400 and 122912.
736
What is the greatest common divisor of 271928 and 152?
152
What is the highest common divisor of 438 and 27828?
6
Calculate the greatest common factor of 10140 and 348.
12
Calculate the highest common factor of 18753 and 168.
21
Calculate the highest common factor of 27191596 and 37.
37
Calculate the greatest common divisor of 1190 and 395570.
70
What is the highest common divisor of 1177 and 69229?
107
What is the greatest common divisor of 58 and 6322?
58
What is the greatest common factor of 34 and 155397?
17
What is the highest common factor of 28086050 and 254?
254
What is the highest common divisor of 4891 and 730?
73
Calculate the highest common divisor of 4530362 and 313.
313
What is the greatest common divisor of 8946 and 50526?
126
Calculate the greatest common divisor of 1206 and 464310.
1206
Calculate the highest common divisor of 10 and 444490.
10
What is the greatest common divisor of 3 and 163443?
3
Calculate the greatest common factor of 3510 and 52455.
195
Calculate the greatest common divisor of 39891 and 7.
1
Calculate the greatest common factor of 2407 and 2059.
29
Calculate the greatest common factor of 66299 and 6847.
167
What is the greatest common divisor of 1356 and 980?
4
Calculate the highest common factor of 423 and 149507.
47
What is the highest common factor of 10803 and 7644?
39
What is the highest common factor of 3538 and 165764?
58
Calculate the highest common divisor of 64625 and 10175.
275
Calculate the greatest common divisor of 22199 and 116334.
281
What is the highest common factor of 5 and 316985?
5
Calculate the greatest common divisor of 28372 and 3198.
82
What is the greatest common factor of 4332 and 708?
12
What is the greatest common divisor of 117 and 28197?
117
What is the greatest common factor of 335 and 3020159?
67
Calculate the highest common factor of 1000 and 875.
125
Calculate the greatest common factor of 15770 and 38014.
166
What is the greatest common divisor of 108 and 1308798?
54
What is the highest common factor of 25 and 48085?
5
What is the highest common factor of 196 and 15239?
49
What is the greatest common divisor of 683162 and 849?
283
Calculate the greatest common factor of 1197 and 63819.
63
Calculate the highest common divisor of 282 and 638.
2
What is the highest common divisor of 28996 and 1012?
44
What is the highest common factor of 4078 and 2?
2
Calculate the greatest common divisor of 8 and 786.
2
What is the greatest common divisor of 702 and 26190?
54
What is the highest common factor of 43908 and 132?
12
What is the greatest common divisor of 20 and 9788?
4
What is the highest common factor of 3243 and 21?
3
What is the highest common factor of 821 and 22167?
821
Calculate the greatest common factor of 190 and 18830.
10
What is the greatest common factor of 168036 and 1368?
228
Calculate the highest common factor of 11346 and 6.
6
What is the greatest common divisor of 61537 and 25926?
149
What is the highest common factor of 12840 and 85172?
428
Calculate the greatest common factor of 3 and 39341.
1
Calculate the highest common divisor of 1432 and 569757.
179
What is the greatest common divisor of 1815374 and 66?
22
What is the highest common divisor of 280020 and 312?
156
What is the highest common factor of 72200 and 5800?
200
Calculate the greatest common factor of 4400 and 754050.
550
Calculate the greatest common divisor of 467700 and 300.
300
What is the greatest common factor of 985 and 285059?
197
What is the greatest common divisor of 36875 and 59?
59
Calculate the greatest common factor of 32 and 20704.
32
What is the greatest common factor of 634 and 1022642?
634
Calculate the highest common factor of 456 and 50424.
24
Calculate the greatest common factor of 57 and 350607.
57
Calculate the greatest common factor of 68 and 16184.
68
Calculate the highest common divisor of 2445 and 20040.
15
Calculate the greatest common divisor of 4087861 and 827.
827
Calculate the greatest common divisor of 2044 and 1708.
28
Calculate the highest common divisor of 29404 and 4.
4
What is the greatest common factor of 854808 and 24?
24
What is the greatest common divisor of 44 and 158840?
44
What is the highest common divisor of 14547100 and 20?
20
Calculate the highest common factor of 445 and 64145.
5
What is the greatest common divisor of 314575 and 25?
25
Calculate the highest common divisor of 18 and 153014.
2
What is the highest common divisor of 1704 and 218988?
12
Calculate the greatest common divisor of 1425 and 98097.
57
Calculate the greatest common factor of 207 and 638664.
69
What is the highest common divisor of 1169 and 19?
1
What is the highest common factor of 38522 and 3366?
374
Calculate the highest common divisor of 4 and 8884.
4
What is the greatest common factor of 84388 and 29189?
289
What is the greatest common factor of 389073 and 371?
53
What is the greatest common divisor of 39475 and 20?
5
Calculate the highest common factor of 218289 and 6.
3
Calculate the highest common factor of 792 and 2188.
4
What is the highest common factor of 34 and 6341?
17
What is the highest common factor of 61 and 133590?
61
What is the greatest common factor of 6678 and 3150?
126
What is the highest common factor of 1 and 689582?
1
Calculate the greatest common divisor of 81430 and 34.
34
Calculate the greatest common factor of 14 and 10847.
1
What is the highest common divisor of 627 and 4212813?
627
Calculate the highest common divisor of 4384 and 3151.
137
What is the greatest common factor of 141 and 15557?
47
Calculate the highest common divisor of 1146205 and 10.
5
Calculate the highest common divisor of 900953 and 31.
31
Calculate the highest common factor of 1811080 and 760.
760
Calculate the greatest common factor of 44 and 9750774.
22
Calculate the greatest common divisor of 3143379 and 114.
57
Calculate the greatest common factor of 3444 and 34030.
82
Calculate the greatest common divisor of 1089 and 39446.
121
Calculate the highest common divisor of 1316875 and 392.
49
What is the highest common divisor of 15744 and 123?
123
Calculate the greatest common divisor of 144 and 354096.
144
Calculate the h